 14.
7
Calculate the highest common factor of 854 and 183.
61
What is the highest common divisor of 2 and 31?
1
What is the greatest common factor of 89 and 3649?
89
What is the greatest common divisor of 55 and 15961?
11
Calculate the greatest common divisor of 80 and 30.
10
Calculate the greatest common divisor of 110 and 10.
10
What is the highest common factor of 17 and 187?
17
What is the greatest common factor of 1070 and 10?
10
What is the greatest common divisor of 166 and 38014?
166
Calculate the greatest common divisor of 370 and 296.
74
Calculate the highest common factor of 11763 and 45.
9
Calculate the greatest common factor of 36 and 88.
4
What is the highest common divisor of 90 and 130?
10
Calculate the greatest common divisor of 744 and 1581.
93
Calculate the highest common divisor of 216 and 192.
24
Calculate the highest common factor of 60 and 1308.
12
What is the highest common divisor of 1325 and 175?
25
Calculate the highest common divisor of 9 and 369.
9
Calculate the highest common divisor of 1638 and 56.
14
Calculate the greatest common divisor of 48 and 3.
3
Calculate the highest common factor of 465 and 75.
15
Calculate the highest common factor of 56 and 7.
7
What is the highest common divisor of 8704 and 68?
68
Calculate the highest common factor of 99 and 803.
11
Calculate the highest common divisor of 73926 and 222.
222
Calculate the highest common factor of 1352 and 65.
13
Calculate the highest common divisor of 3078 and 288.
18
Calculate the greatest common divisor of 7056 and 144.
144
Calculate the greatest common factor of 1350 and 1650.
150
What is the highest common divisor of 11 and 88?
11
Calculate the highest common divisor of 378 and 54.
54
Calculate the highest common divisor of 220 and 20.
20
Calculate the highest common divisor of 216 and 16.
8
What is the greatest common factor of 304 and 32?
16
What is the highest common factor of 44 and 99?
11
Calculate the greatest common divisor of 1547 and 17.
17
Calculate the greatest common divisor of 803 and 891.
11
What is the highest common divisor of 147 and 147?
147
What is the highest common divisor of 92 and 200?
4
What is the highest common factor of 16 and 2864?
16
What is the greatest common factor of 2 and 2?
2
What is the highest common factor of 14 and 91?
7
Calculate the greatest common factor of 299 and 52.
13
What is the greatest common factor of 24 and 8328?
24
Calculate the highest common factor of 68 and 12.
4
What is the highest common factor of 406 and 70?
14
Calculate the highest common divisor of 11258 and 78.
26
Calculate the greatest common divisor of 40 and 80.
40
What is the greatest common divisor of 64 and 28?
4
What is the highest common factor of 74 and 296?
74
What is the highest common divisor of 48 and 138?
6
What is the greatest common factor of 1555 and 35?
5
Calculate the greatest common factor of 3744 and 162.
18
Calculate the greatest common divisor of 216 and 17856.
72
What is the greatest common divisor of 46964 and 59?
59
What is the greatest common factor of 94 and 14?
2
What is the highest common factor of 70 and 1435?
35
Calculate the highest common divisor of 93 and 1364.
31
What is the greatest common divisor of 405 and 6237?
81
Calculate the greatest common divisor of 2548 and 130.
26
Calculate the highest common divisor of 1221 and 264.
33
What is the greatest common factor of 11 and 3?
1
What is the greatest common factor of 1755 and 13?
13
Calculate the greatest common divisor of 495 and 10.
5
Calculate the greatest common factor of 45984 and 192.
96
Calculate the greatest common factor of 33 and 957.
33
Calculate the greatest common divisor of 18 and 729.
9
Calculate the greatest common divisor of 85 and 935.
85
What is the highest common divisor of 18 and 402?
6
What is the greatest common factor of 1256 and 7?
1
What is the highest common divisor of 175 and 1075?
25
What is the greatest common factor of 315 and 495?
45
What is the greatest common divisor of 270 and 450?
90
Calculate the greatest common divisor of 64 and 80.
16
What is the highest common divisor of 185 and 5?
5
What is the greatest common divisor of 17727 and 57?
57
What is the greatest common divisor of 495 and 450?
45
Calculate the highest common divisor of 124984 and 68.
68
What is the greatest common divisor of 156 and 39?
39
What is the highest common factor of 3 and 499?
1
What is the highest common factor of 609 and 168?
21
Calculate the highest common factor of 13189 and 981.
109
What is the greatest common divisor of 128 and 12096?
64
What is the highest common factor of 99 and 126?
9
Calculate the highest common divisor of 20 and 3110.
10
What is the highest common divisor of 60 and 3732?
12
Calculate the greatest common factor of 455 and 560.
35
What is the highest common factor of 160 and 60?
20
Calculate the greatest common factor of 1575 and 280.
35
Calculate the greatest common divisor of 720 and 4848.
48
What is the greatest common divisor of 1905 and 150?
15
What is the greatest common divisor of 3 and 16?
1
What is the greatest common factor of 228 and 1083?
57
What is the greatest common divisor of 132 and 3564?
132
What is the greatest common factor of 218 and 1526?
218
What is the highest common divisor of 34957 and 39?
13
Calculate the greatest common factor of 3540 and 210.
30
Calculate the highest common divisor of 416 and 160.
32
Calculate the greatest common divisor of 561 and 102.
51
What is the highest common divisor of 729 and 2673?
243
What is the greatest common factor of 144 and 396?
36
What is the highest common divisor of 10025 and 1203?
401
What is the greatest common factor of 763 and 105?
7
Calculate the greatest common divisor of 374 and 136.
34
Calculate the greatest common divisor of 54 and 132.
6
What is the greatest common divisor of 8 and 141?
1
Calculate the highest common factor of 1520 and 320.
80
Calculate the highest common factor of 14 and 686.
14
Calculate the highest common divisor of 768 and 24.
24
Calculate the greatest common factor of 22 and 5654.
22
What is the highest common factor of 105 and 2345?
35
What is the greatest common divisor of 14 and 910?
14
Calculate the greatest common divisor of 32 and 176.
16
Calculate the greatest common factor of 36 and 711.
9
What is the highest common factor of 738 and 18?
18
Calculate the highest common factor of 1215 and 45.
45
Calculate the greatest common divisor of 60 and 36.
12
Calculate the highest common factor of 10336 and 16.
16
What is the greatest common factor of 210 and 2640?
30
Calculate the highest common factor of 1404 and 36.
36
Calculate the highest common divisor of 82 and 10783.
41
Calculate the greatest common divisor of 39 and 26.
13
What is the highest common divisor of 175 and 1085?
35
What is the highest common factor of 78 and 351?
39
What is the highest common divisor of 5 and 865?
5
What is the greatest common divisor of 4797 and 117?
117
What is the greatest common divisor of 22 and 88?
22
Calculate the highest common factor of 270 and 20.
10
What is the greatest common divisor of 31185 and 630?
315
Calculate the greatest common factor of 7581 and 21.
21
Calculate the greatest common factor of 450 and 90.
90
What is the highest common divisor of 221 and 68?
17
Calculate the highest common factor of 7379 and 47.
47
What is the greatest common divisor of 72 and 522?
18
What is the greatest common divisor of 1236 and 12?
12
What is the greatest common divisor of 2024 and 297?
11
Calculate the highest common factor of 6315 and 45.
15
What is the highest common factor of 36 and 556?
4
Calculate the highest common divisor of 3763 and 142.
71
Calculate the greatest common factor of 13 and 611.
13
Calculate the highest common factor of 2745 and 45.
45
What is the greatest common factor of 275 and 22?
11
Calculate the highest common factor of 429 and 1053.
39
What is the greatest common factor of 11 and 15499?
11
What is the highest common divisor of 783 and 1917?
27
Calculate the greatest common factor of 11616 and 192.
96
Calculate the greatest common divisor of 116 and 4.
4
Calculate the greatest common divisor of 10 and 1810.
10
Calculate the highest common factor of 8 and 89.
1
What is the highest common divisor of 5